 What is the tens digit of r(c)?
3
Suppose 12 = 4*q - 28. What is the units digit of (-432)/(-5) + 6/q?
7
Let g(j) = -9*j**2 - 7*j + 12. Suppose 5*l + 0*l = f - 29, 23 = -4*l + f. Let t be g(l). Let y = 391 + t. What is the units digit of y?
1
Let x(k) = -32*k**3 + 9*k**2 + 19*k - 243. What is the thousands digit of x(-10)?
2
Let x = 517 + -329. Let u = x - 136. What is the tens digit of u?
5
Suppose 4*y = 2*y. Suppose 2*b = -5*z + 24, 17*b = 16*b + 4*z - 14. Suppose y = b*f - 27 - 67. What is the units digit of f?
7
Suppose 172 = -6*d + 2*d. Suppose 404 = -4*b - o + 1098, 5*b + 2*o - 869 = 0. Let y = b - d. What is the hundreds digit of y?
2
Let v = -124 - -125. What is the tens digit of ((v + 0)*12)/(16/328)?
4
Let v be -9*((-2)/4)/(3/(-4)). Let r be (v/(-5))/(12/100). Suppose 0*k - 2*k - r = 0, 3*k = 4*d - 403. What is the tens digit of d?
9
Let h(y) = y + 616. Let f be h(0). Suppose -4*k - 5*v + f = 0, 0*v + 2*v - 770 = -5*k. Suppose -3*p = -50 - k. What is the units digit of p?
8
Let o(d) = 29 + 3 + 0*d + 2 + 6*d. What is the hundreds digit of o(17)?
1
Suppose 19*c - 543664 = 473653. What is the hundreds digit of c?
5
Suppose 80*l - 467648 - 131236 - 491996 = 0. What is the hundreds digit of l?
6
Let h be 3/9 - 1 - (-39172)/42. Suppose a + 11*g = 10*g + h, 4*a + g - 3737 = 0. What is the units digit of a?
5
Let a = 649 + -643. Suppose -2*p = a, -4*k + 157 = -p + 2. What is the units digit of k?
8
Let f be 72/(-20)*(-70)/42. What is the thousands digit of 1/f + 19522/72*6?
1
Suppose -m + 7496 = 3*m - 4*a, 0 = -a + 2. Suppose 140*z = 138*z + 12. Suppose -z*f + m = f. What is the tens digit of f?
6
Suppose -26666 = -4*h + 2*p, 35*h - 33331 = 30*h + 2*p. What is the hundreds digit of h?
6
Suppose 4*m = 16 - 8. Suppose -m*r + 196 = -4*g, 102 = 2*r - r - g. Suppose -4*k + 2*k = -r. What is the tens digit of k?
5
Suppose h - 33 + 31 = 0. Suppose 0 = -3*a - 2*c + 46, 5*c + 3 + h = 0. Suppose 557 = -a*f + 2717. What is the hundreds digit of f?
1
Suppose w + 2 = -y + 6, 4*y + w - 22 = 0. Suppose 4*d + 11*q - 1526 = y*q, 3*q + 1131 = 3*d. What is the hundreds digit of d?
3
Let a be ((-32)/10*1)/(39/(-12480)). Let g = a - 714. What is the tens digit of g?
1
Let y(h) = -594*h + 380. What is the units digit of y(-4)?
6
Let o(u) = 2*u**2 + u + 21. Let a be (3 + -7 - -4) + -6. What is the units digit of o(a)?
7
Suppose 74550 = 459*p - 199628 - 630511. What is the thousands digit of p?
1
Let u = -20507 - -35365. What is the tens digit of u?
5
Suppose 15*q + 23311 = 496276. What is the hundreds digit of q?
5
Let x = 5957 - 5491. What is the tens digit of x?
6
Let t = 910 - -1010. What is the thousands digit of t?
1
What is the thousands digit of 360145/255 - 8/(-3)?
1
Suppose -5*f = -2*k + 1608 + 5716, -2*f = 5*k + 2947. Let s = -807 - f. What is the tens digit of s?
5
Suppose 2*t = 4*u - 24, -5*u = -t - t - 21. Let v be ((-8)/t)/((-3)/(-9))*84. Suppose 3*n + v = 7*n. What is the tens digit of n?
2
Let r be (10/4)/((-50)/(-80)). Suppose 7980 = 8*t + r*t. What is the tens digit of t?
6
Let u(a) = a + 19. Let m be u(-9). Suppose m*k = 5*k. Suppose 0*z + 6*z - 696 = k. What is the hundreds digit of z?
1
Suppose -688575 - 578607 + 46452 = -42*c. What is the hundreds digit of c?
0
Let j(n) = -2*n**2 - 13*n**2 + 6*n**2 + 10 + 5*n**2 - 4*n. Let x be j(5). Let t = -35 - x. What is the units digit of t?
5
Let n(c) = c**3 + 12 + 0*c**3 + 19*c**2 - 26*c + 16. Let t(j) = -3*j**3 - 303*j + 610. Let s be t(2). What is the hundreds digit of n(s)?
1
Let t(n) = 93*n + 49. Suppose -x + 5*l = -0*l + 8, -4*x + 2*l = -4. What is the hundreds digit of t(x)?
2
What is the tens digit of 4 - ((9 - 13)/(-16))/((-2)/341896)?
4
Let f(g) = -248*g - 6628. What is the tens digit of f(-63)?
9
Suppose -2*b + 22 = a + 3*a, -4*b - 2*a + 38 = 0. Let o be (b - 6) + (-4)/(-2). Suppose 6*g - 108 = o*g. What is the hundreds digit of g?
1
Suppose 0 = 3*n + 8 - 14. Let y be 37 - 0 - (n - 2). Suppose y = -5*c + 392. What is the tens digit of c?
7
What is the tens digit of (-9388)/(-4) - (22 - (6 - -7))?
3
What is the hundreds digit of ((-2)/10*-2)/(755/122755450)?
0
Suppose -4*o + 8 = -n, 4*n + 3*o - 28 = -o. Suppose -n = 4*q - 5*q. Let z(c) = 17*c - 15. What is the units digit of z(q)?
3
Let z = 243 + -238. Suppose z*x - 383 = -4*g, 3*x = -2*g + 158 + 31. What is the tens digit of g?
0
Suppose 44 - 116 = -18*o. Suppose 2*q + 477 = u + 7*q, o*u = 2*q + 1798. What is the units digit of u?
2
What is the tens digit of (-21)/(-6)*(-24)/(-28)*(-107025)/(-45)?
3
Let p(n) = -2*n + 44. Let w be p(11). Let q = 127 + w. Suppose -2*j + j = -q. What is the tens digit of j?
4
Let k be (-31 + 4)/(6/88*-2). Suppose -5*p = 3*h - k, -2*p + 102 = -2*h + 10. Suppose -4*r + 3*l = -0*r - p, -4*l = 3*r - 44. What is the units digit of r?
2
Let h = -10547 - -25588. What is the units digit of h?
1
Suppose c + 15 = -2. Let l(b) = 2*b**2 + b - 11. Let a(u) = -u**2 - 5*u. Let k(r) = -3*a(r) - l(r). What is the tens digit of k(c)?
6
Let m be 16/6 + (-16)/(-48). Suppose 5*u = 2*k + m*u + 6, 15 = 5*k + 5*u. Suppose k = l + 2*s - 12, -3*l + l - 5*s = -24. What is the units digit of l?
2
Let d(k) = 2*k**2 + 36*k - 14. Let m be d(-18). Let g(x) = x**3 + 14*x**2 - 19*x - 31. What is the units digit of g(m)?
5
Suppose 6*u - 3*u - 12 = 0. Let t be -1 + u*93/6. Suppose -4*f = -23 - t. What is the tens digit of f?
2
Let y be 11/(-66) - 2069/6. Let d = y + 499. What is the hundreds digit of d?
1
Let c(b) = -1061*b + 31. Let q be c(1). Let i = q - -1749. What is the hundreds digit of i?
7
Let z(q) = -2*q**2 + 8*q - 5. Let t(h) = 2*h**2 - 9*h + 5. Let n(w) = -2*t(w) - 3*z(w). What is the hundreds digit of n(-8)?
1
Let c = 35 + -21. Suppose j + 65 - c = 0. Let n = 167 + j. What is the units digit of n?
6
Let b = -3894 + 7860. What is the tens digit of b?
6
Suppose -353 = 3*v - 1145. Let n(b) = 121*b - 4. Let p be n(-1). Let d = v + p. What is the units digit of d?
9
Let f(d) = -8838*d - 5042. What is the hundreds digit of f(-3)?
4
Let y = 71 + -51. Let i be -5 + 5 - (-4 + -3). Let m = y + i. What is the tens digit of m?
2
Let i(d) = 8*d - 7. Let q = 45 + -57. Let w = -3 - q. What is the tens digit of i(w)?
6
Let h = 15253 - 10262. What is the units digit of h?
1
Let t(g) = -2*g - 25. Let d be t(-12). What is the tens digit of 2520/(-12)*(-1)/(-3)*d?
7
Let i = 35013 + -10043. What is the units digit of i?
0
Suppose 30 = 5*j + 2*i, 5*i - 14 - 7 = j. Suppose 0 = j*n + 4*h - 24, -n + 8 = 5*h - 6. Suppose -5 - 7 = -5*l + 4*g, n*g - 4 = l. What is the units digit of l?
4
Let y(a) = a + 48 + 3*a - 49. Let w be y(-4). Let r(f) = -f**2 - 21*f - 11. What is the tens digit of r(w)?
5
Let y = 41180 + -22804. What is the ten thousands digit of y?
1
Suppose 0 = 10*z - 4016 - 3084. What is the hundreds digit of z/35*22 + 4/(-14)?
4
What is the hundreds digit of ((-348400)/12)/(-5) - (-24)/(-9)?
8
Suppose -h = -11*a + 14*a - 14359, 3*a = -5*h + 71843. What is the ten thousands digit of h?
1
Suppose -3*y - s - 12 = -331, -2*y - s + 211 = 0. Let x be 37/(y/(-28) - -4). Suppose 3*c = -j + 61, 0*c - 3*c = -4*j + x. What is the tens digit of j?
6
Let q(t) = t. Suppose -2*k = -46 + 42. Let n be q(k). Suppose -p + 5 = 0, 3*b = n*p + 69 + 11. What is the tens digit of b?
3
Let g be (4 - (-44)/(-14))/(18/63). Let q(p) = 49*p**3 - p**2 + 2*p - 1. What is the thousands digit of q(g)?
1
Suppose -67 + 337 = 5*i. Let v = i + -40. Suppose 1 = 5*b - v. What is the units digit of b?
3
Let v(p) = 14*p**2 - 20*p - 8. Let d be (16/(-3))/((-14)/21). What is the tens digit of v(d)?
2
Let a = 17208 + -6460. What is the thousands digit of a?
0
What is the tens digit of 6/21*((-5491494)/(-36) - 15)?
7
What is the thousands digit of 4826 - (-10 + 114/19)?
4
Suppose -2*s + 6*s = -7*c + 47032, 5*s = 2*c - 13450. What is the hundreds digit of c?
7
What is the tens digit of 12 + (-705468)/(-54) + (0 - (-4)/(-18))?
7
Let t = 256 - -12777. What is the hundreds digit of t?
0
What is the tens digit of (-58)/29 + 1*9 + (66155 - -4)?
6
Suppose 802 = -3*k + 5*m, -21*k + 1362 = -26*k + 2*m. Let u = k + 491. What is the units digit of u?
7
Let f = 11 - 17. Let m = f - -256. What is the units digit of (15/6)/(5/(m/5))?
5
Let b(r) = 90*r**3 + 2*r**2 - 9*r + 13. Let x = 774 - 772. What is th